?
1025
Calculate the greatest common divisor of 393 and 288948927.
393
Calculate the greatest common factor of 111990625 and 375.
125
Calculate the greatest common factor of 81113495 and 295.
295
Calculate the greatest common factor of 71 and 16565933.
71
Calculate the highest common factor of 178353 and 23244.
447
What is the highest common divisor of 409960 and 4318430?
2770
What is the highest common factor of 93056 and 19472?
16
Calculate the highest common divisor of 14955 and 292139943.
2991
What is the greatest common divisor of 2702682 and 371?
53
Calculate the highest common factor of 12581784 and 3596.
124
What is the greatest common factor of 64 and 47903?
1
Calculate the greatest common factor of 9863001 and 861.
123
Calculate the highest common divisor of 27 and 86362434.
9
What is the greatest common divisor of 3400748 and 4420?
884
Calculate the highest common factor of 242109 and 56007.
441
What is the highest common divisor of 2499549 and 39?
39
What is the greatest common factor of 6416 and 159772?
4
Calculate the highest common divisor of 7905376 and 529.
529
Calculate the greatest common factor of 33939 and 1641.
3
What is the greatest common factor of 449900178 and 28?
14
What is the greatest common divisor of 24036 and 18129?
3
Calculate the greatest common factor of 1667010 and 32037.
543
What is the highest common divisor of 3644223 and 2893?
11
What is the greatest common divisor of 6173735 and 135?
5
Calculate the highest common divisor of 1517403 and 6426.
51
What is the highest common divisor of 370 and 4002435?
5
What is the highest common factor of 59050781 and 1214?
607
What is the greatest common divisor of 3636353 and 40432?
2527
What is the greatest common divisor of 2499142 and 24034?
394
What is the greatest common divisor of 136 and 38724759?
17
What is the greatest common factor of 1009176 and 16548?
84
Calculate the highest common divisor of 59703011 and 533.
41
What is the highest common factor of 136959 and 23856?
213
What is the highest common factor of 959 and 90523572?
137
Calculate the highest common factor of 1051987419 and 98.
49
Calculate the greatest common divisor of 8227 and 3884876.
433
What is the greatest common factor of 12491158 and 12427?
289
Calculate the highest common divisor of 261 and 79274603.
29
Calculate the highest common divisor of 5728 and 5790113.
179
Calculate the greatest common divisor of 6 and 4811137.
1
What is the highest common factor of 12062 and 1352248?
326
What is the highest common divisor of 330 and 227590?
110
What is the greatest common factor of 244365 and 290895?
165
What is the greatest common divisor of 80444 and 291312?
476
What is the highest common divisor of 1500 and 20042700?
300
Calculate the highest common divisor of 44354 and 60903.
67
Calculate the highest common factor of 24 and 5688051.
3
Calculate the highest common divisor of 89120 and 8240.
80
What is the greatest common divisor of 63 and 514233?
9
What is the greatest common divisor of 352 and 79830256?
176
Calculate the greatest common factor of 1333 and 421893167.
1333
What is the highest common divisor of 461970 and 230?
10
Calculate the highest common divisor of 32 and 2269404.
4
Calculate the greatest common divisor of 1084 and 1141631944.
1084
Calculate the highest common divisor of 3536 and 19623253.
221
Calculate the highest common divisor of 36367 and 1822819.
41
Calculate the greatest common factor of 357270 and 6990.
30
What is the highest common divisor of 353 and 32135708?
353
What is the highest common divisor of 92 and 159953408?
92
Calculate the greatest common factor of 196912978 and 24761.
2251
What is the highest common divisor of 60 and 3809499?
3
What is the greatest common divisor of 3059 and 600047?
161
Calculate the highest common divisor of 6314452 and 248.
124
What is the highest common divisor of 20 and 2182259460?
20
Calculate the highest common divisor of 288 and 89385300.
36
What is the highest common divisor of 227868186 and 219?
219
What is the greatest common factor of 19 and 348101?
1
Calculate the highest common divisor of 7914 and 9089229.
3957
What is the greatest common divisor of 2407840 and 4000?
160
What is the highest common divisor of 91530 and 5482350?
270
Calculate the greatest common divisor of 74 and 120247706.
74
What is the greatest common factor of 145 and 106539040?
145
What is the highest common factor of 192794452 and 2152?
1076
Calculate the highest common factor of 52535 and 1556765.
665
What is the greatest common factor of 461064 and 1956?
12
What is the greatest common factor of 139581650 and 150?
50
Calculate the highest common divisor of 578 and 13307005.
289
What is the highest common factor of 395240 and 44690?
410
Calculate the greatest common divisor of 1285663 and 10385.
2077
What is the greatest common factor of 41304262 and 2594?
2594
What is the highest common factor of 81728 and 11642409?
1277
What is the greatest common factor of 5760 and 5898900?
60
What is the greatest common factor of 38828265 and 6?
3
Calculate the greatest common factor of 1951317 and 3708.
9
What is the highest common factor of 9 and 3031934?
1
What is the greatest common divisor of 35631677 and 578?
289
Calculate the highest common factor of 161910 and 19530.
630
What is the greatest common divisor of 803233275 and 1365?
195
Calculate the highest common divisor of 4063285 and 90.
5
Calculate the greatest common divisor of 26 and 47942570.
26
What is the highest common factor of 1136 and 1432448?
16
Calculate the highest common divisor of 7891501 and 133617.
4049
Calculate the greatest common divisor of 18989 and 44812.
17
Calculate the greatest common factor of 84170024 and 16.
8
Calculate the greatest common divisor of 358980012 and 36.
36
What is the highest common factor of 631 and 1481?
1
What is the greatest common divisor of 53856400 and 26000?
5200
Calculate the greatest common divisor of 6411301 and 26.
13
Calculate the highest common divisor of 78 and 1019746.
26
Calculate the greatest common divisor of 10115767 and 597.
199
What is the highest common factor of 25481 and 4912?
307
What is the greatest common divisor of 70624 and 358368?
32
What is the highest common divisor of 1361860 and 19340?
20
Calculate the greatest common factor of 581362884 and 348.
348
Calculate the highest common factor of 1412015 and 40.
5
What is the greatest common divisor of 199661906 and 14518?
2074
What is the greatest common divisor of 4 and 645162?
2
What is the highest common factor of 6963 and 7489119?
33
Calculate the greatest common factor of 102125 and 6654250.
5375
What is the greatest common factor of 26412610 and 1230?
410
What is the greatest common factor of 50669190 and 12700?
1270
What is the highest common divisor of 4185 and 837594?
27
What is the highest common factor of 3132 and 4763448?
108
What is the greatest common factor of 8701911 and 81?
81
Calculate the highest common factor of 5879835 and 2535.
195
Calculate the greatest common divisor of 595426 and 37.
1
Calculate the greatest common divisor of 993 and 25512487.
331
Calculate the greatest common factor of 1861195 and 41615.
1435
Calculate the greatest common factor of 14750 and 1910.
10
Calculate the highest common factor of 5511 and 94477077.
501
Calculate the greatest common divisor of 3103010515 and 605.
605
Calculate the highest common divisor of 22165186 and 62.
62
What is the highest common factor of 4095174 and 3294?
366
Calculate the greatest common divisor of 36434280 and 80.
40
Calculate the greatest common divisor of 87250 and 30.
10
What is the greatest common divisor of 75112 and 436568?
328
Calculate the greatest common divisor of 627 and 390649006.
209
Calculate the highest common factor of 73288299 and 21.
21
Calculate the highest common factor of 110751212 and 19240.
1924
What is the highest common factor of 1209 and 2074555743?
1209
Calculate the greatest common factor of 22085635 and 39468.
3289
Calculate the highest common divisor of 485386 and 13354.
22
Calculate the greatest common divisor of 9177 and 2268.
21
What is the highest common factor of 1242 and 2737184?
46
Calculate the greatest common factor of 705790255 and 29.
29
What is the greatest common d